t g(j) = -j**2 + 7*j + 95. Let t be g(14). What is v(t)?
5
Let u(d) = 2*d + 4. Suppose 108 = 3*y + 5*p, 91 = 4*y - 3*p - 53. Let l(v) = 39 + 4*v - v - y. Let r(s) = 3*l(s) - 4*u(s). Calculate r(4).
-3
Suppose -3*j + 3*f - 14 + 29 = 0, 3*j = f + 11. Let h(v) = -3*v**3 + 2*v**2 + 3*v - 11. Give h(j).
-65
Let i(k) be the third derivative of -2*k**3 - 1/8*k**4 + 0*k + 1/30*k**5 + 0 - 3*k**2. Let w(s) be the first derivative of i(s). Give w(2).
5
Let v(h) = 22*h + 1335. Let x be v(-61). Let f(w) be the first derivative of w**3/3 + 5*w**2/2 - 15*w + 9. Calculate f(x).
-1
Let i(k) = -3*k**3 - 2*k**2 - 3*k - 2. Let m = 102 + -103. Let v be i(m). Let x(a) = 13 - v*a**2 - 13 - 4 - 5*a. What is x(-3)?
-7
Let v = -36 + 40. Suppose 2*u = 2*q - 8, 2*q - 4 = u + 1. Suppose 0 = 4*m, -q - v = a - 5*m. Let i(s) = -s + 1. Determine i(a).
6
Let g(j) = 46*j + 1. Let d(z) = -29*z. Let o(y) = 8*d(y) + 5*g(y). Give o(6).
-7
Let a(u) = -u**3 + 5*u**2 + 2*u - 7. Let z be (-3)/(-9) - (0 + 42/(-9)). Let y(l) = -l**3 + 5*l**2 + 2*l - 6. Let s(d) = z*y(d) - 4*a(d). Give s(5).
8
Let n = 6915 - 6912. Let w(x) = x**3 - 4*x**2 + 5*x + 6. Determine w(n).
12
Suppose d = -5*j - 17, 5719*j - 5721*j = 4*d - 58. Let m(v) = -v**2 + 13*v + 79. Give m(d).
-11
Let g(f) = -4 - 4*f**2 + 4*f - 2*f**2 + f**2 + f**3. Let t(c) be the first derivative of -3*c**2/2 + 15*c - 119. Let p be t(4). Determine g(p).
-10
Let n(a) = -3*a - 3. Let y be -7*(-14)/(-35)*-5. Calculate n(y).
-45
Let z(r) = 10 + 46 + 2241*r - 1134*r - 1123*r + 0*r**2 + r**2. Calculate z(9).
-7
Let a be (6/(-9))/(9/(243/(-6))). Let x(o) = -21*o**3 - 18*o**3 - o + 4*o**2 + a*o + 6 + 40*o**3. Suppose 0*p - 4 = p. Calculate x(p).
-2
Let v be 3*1 - (57 - 57). Let i be (56/(-24) + v)/((-1)/3). Let z(c) = -c**3 - 3*c**2 - c + 1. Give z(i).
-1
Let k = 21 - 10. Suppose k*o - 6 = 16. Let i(n) be the first derivative of -2*n**3/3 + n**2/2 - 2*n - 5. Give i(o).
-8
Let c(q) = 7. Let w(v) = v - 27. Let t(a) = 3*c(a) + w(a). Let m = 8 - 13. Let r be 1/(((-5)/6)/m). Give t(r).
0
Let v(c) = -7*c**3 + 5*c**2 + 1. Let h(i) = -20*i**3 + 15*i**2 + i + 2. Let a be (-50)/(-9) - 20/(-45). Let l(z) = a*h(z) - 17*v(z). Give l(6).
-5
Let s(m) = -4*m**2 + 2*m - 14. Let v(w) = -5*w**2 + w - 15. Let j = -95 + 101. Let z(b) = j*s(b) - 5*v(b). What is z(-9)?
9
Let n(g) = 14*g**2 - g. Let s(y) = 3*y**2. Let b(c) = n(c) - 4*s(c). Let f(r) = r**3 + 26*r**2 + 27*r + 49. Let a be f(-25). Calculate b(a).
3
Let m(z) = 12*z - 23. Let v(o) = -81*o + 134. Let w(u) = -39*m(u) - 6*v(u). Give w(-6).
-15
Let j(r) = -r**3 - 15*r**2 + 16*r + 12. Let x = -8045 + 8029. Give j(x).
12
Suppose 6*n + 11 + 1 = 0. Let i be (-1)/n - (3 - (-335)/(-2)). Suppose i = -4*a + 161. Let j(q) = 15*q**3 - 2*q**2 - 2*q - 1. Calculate j(a).
-16
Let a(n) = -n**2 - 23*n - 9. Let c(q) = -q**2 - 22*q - 7. Let x(p) = 10*a(p) - 11*c(p). Determine x(-8).
-45
Let i(r) = -4*r**2 + 2*r. Let o(u) be the second derivative of 5*u**3/6 - 7*u**2/2 + 7*u. Let m be o(5). Suppose -5*a = -28 + m. Determine i(a).
-12
Let h(k) = k**3 - 3*k**2 - 2*k - 1. Let y = 45 + 2. Let z = -49 + y. Determine h(z).
-17
Suppose 8*p = 3*p - 45. Let l be 2/p - 2/(-9). Let s(t) = -8*t**3 - 2*t + l*t + 7*t**3 + 5*t**2 - 2. Calculate s(2).
6
Let o(z) = 4*z - 4. Let y = 192 + -192. Calculate o(y).
-4
Let f = -6227 + 6237. Let t(j) = j**3 - 7*j**2 - 33*j + 22. Calculate t(f).
-8
Suppose 0 = -3*h + 6. Let x = 189 - 175. Let t(q) = -16 + 32 - q + 8*q**h + q**3 - x. What is t(-8)?
10
Let t(a) = -2*a + 4 - 22*a**2 + 2*a**2 + 7*a**2 + 11*a**2. Let c(v) = -v - 9. Let s be c(-7). Let p be -1*(8 + s + -3). Calculate t(p).
-8
Let j(a) = 137*a**2 - 3*a + 2. Let t(l) = -l**2 - 25*l + 4005. Let o be t(-77). Give j(o).
136
Let s(z) = z - 5. Let t = 6006 - 6004. Let k(m) = -m**2 + 7*m - 7. Let q be k(5). Let l be 11 + -6 + t - (q - 0). Give s(l).
-1
Suppose 8*c + 74 - 18 = 0. Let g be (c/14)/((-14)/8 - -2). Let l(i) = 16*i**2 - 15*i. Let f(m) = -3*m**2 + 3*m. Let s(h) = g*l(h) - 11*f(h). Calculate s(4).
4
Let b(h) = -h**3 - 4*h**2 + 6*h + 5. Let o = -3625 - -3621. Calculate b(o).
-19
Suppose 4*f + m = 68, -3*m + 8 = -m. Let j(s) = 8*s - 28 + f - s**2 + 12. Let u be 6*(-4)/8 + 10. Calculate j(u).
7
Suppose 5*y - 206 - 97 = 62. Suppose 0 = -2*a, -4*a = s + 3 - 77. Let i = s - y. Let r(l) = -7*l**2 + 1. Determine r(i).
-6
Let f(z) = -10*z + 2. Let d(x) be the first derivative of x**2 + 15*x - 294. Let c be d(-9). What is f(c)?
32
Suppose 5*p - 33 = 2*u - 204, 0 = 5*u + 10. Let z(o) = 2*o**3 + 69*o**2 - 38*o - 96. Determine z(p).
9
Let t(m) be the first derivative of -3*m**4/4 - 7*m**2/2 + 5*m + 3034. Give t(2).
-33
Let d be -5 + (84/36)/(1/3). Let z(i) = -8 + 36*i**2 + 6 - 29*i**d + 7 - i**3. Calculate z(7).
5
Let o(v) = -v**2 + 13*v - 14. Suppose 3*t - 104*n = -106*n + 23, -2*t = -5*n - 47. What is o(t)?
8
Suppose -2*y - 5*x = 19, 0 = 5*y - 2*x - 22 - 3. Suppose 0 = y*d - 18. Let r(u) = u**3 - 7*u**2 + 8*u - 10. Give r(d).
2
Let h(o) = -o. Let p = -40 + 46. Let d(z) = -17*z - 3. Let w be d(p). Let i be w/18 - 11/66. What is h(i)?
6
Let a(g) = -g - 62110 + 31064 + 31085. What is a(36)?
3
Let c(p) = -11*p**2 - 16*p - 10. Suppose b + 101 = 97. Let h(w) = -5*w**2 - 8*w - 5. Let v(t) = b*c(t) + 9*h(t). What is v(-5)?
10
Let z(c) = 2*c**2 - 4*c**2 + c + 2 + c**2. Suppose -35*s + 80 = -95. Suppose -3*d + s*o = 18 - 24, -4*d - 4*o = -8. What is z(d)?
0
Let w(r) be the third derivative of r**4/8 - 11*r**3/6 + 86*r**2 - 9*r. Let y(j) = -j + 5. Let b be y(-2). Give w(b).
10
Let s(a) = -2*a**2 + 2*a + 1. Suppose 13 - 19 = -2*t - 4*d, -5*d = -t + 10. Let w be 5/(2*(-1)/(-2)). Suppose t*h - 4*r = -0*h - 9, 5 = w*r. Determine s(h).
-3
Let h(a) = 6*a**2 - a. Let b be (-10)/8 - (-576)/(-768). Give h(b).
26
Let c = -13 + 5. Let x(m) be the third derivative of -m**4/12 + 2*m**3/3 - 88*m**2 + 2*m. Calculate x(c).
20
Let y(f) = 2*f - 21. Suppose 5*i - 4*b = 48, 32*i - 5*b - 33 = 28*i. Determine y(i).
3
Let n(p) be the second derivative of -2*p**2 - 62*p + 1 + 1/6*p**3. Let r(f) = -f**2 + 4*f + 4. Let l be r(4). Calculate n(l).
0
Let c(l) = -l**2 + 5*l + 26. Suppose -795*g - 39 = -782*g. Calculate c(g).
2
Suppose -9*u - 125 - 113 + 22 = 0. Let w(r) = r**2 + 31*r + 164. Calculate w(u).
-4
Let j(u) = 5*u + 6*u**2 - u**3 + 2292 - 2278 - 17*u**2 - 5*u**2 - 26*u. Determine j(-15).
104
Let l be (-15)/135 - 100/(-9). Suppose -l*u = -50*u. Let y(z) = -z**3 + z**2 + z + 11. Calculate y(u).
11
Let d(v) = -119*v**3 + 8*v**2 + 118*v**3 + 289 - 284 + 0*v - 6*v. Calculate d(6).
41
Let h be 15*(-5 + (-102)/(-18)). Let w(f) = -7*f**2 + 10*f - 8. Let z(n) = 15*n**2 - 20*n + 17. Let t(o) = 13*w(o) + 6*z(o). Calculate t(h).
-2
Let n(i) = -90*i + 5313. Let j be n(59). Let l(d) = 3*d**2 - d - 3. Give l(j).
21
Let c(s) = s + 12. Suppose 528 = 14*d - 6*d. Let t = d + -116. Let p = -59 - t. Give c(p).
3
Let c(l) = 29*l**3 + l**2 - l - 1. Let f be c(1). Let i = -22 + f. Let r(y) = 5*y + 15 + y**2 - i - 9. What is r(-4)?
-4
Let l(v) be the third derivative of -v**7/420 - v**6/720 - v**5/120 - 5*v**4/6 - 13*v**2 + 4*v. Let j(o) be the second derivative of l(o). Give j(-1).
-6
Let w be (-1)/((3/1263)/(-1)). Let m(u) = 5*u + 0*u + u**3 - 7*u**2 + 0*u - w + 423. Suppose -3*j + 2*j = -6. Give m(j).
-4
Let z(l) = -6*l - 6 + l**2 + l + 13. Let k(a) = -a**2 + 130*a + 680. Let o be k(-5). Determine z(o).
7
Let z(m) be the second derivative of 3*m**3/2 + 15*m**2/2 - 3263*m. Calculate z(-13).
-102
Let q(p) = 11*p**2 + 12*p - 7. Let w be q(3). Suppose -134 = -3*r - w. Let b(v) = -11*v**2 - 1. Calculate b(r).
-45
Let d(k) = 2*k**3 - 2*k**2 + 1. Let g be d(1). Let a be (0 - 0 - 2) + 1176/49. Let p(j) = 48*j - a*j - 15*j - 15*j. Give p(g).
-4
Let s(n) = -65*n + 482. Let x be s(8). Let r(z) = z**2 + 41*z + 123. Give r(x).
9
Suppose 247 + 2 + 681 = 155*y. Let x(t) = -t - 22. What is x(y)?
-28
Let c(n) = -4*n - 165. Let b be c(-33). Let h be 30/36 - b/(-18). Let j(y) = 11*y - 3. Let v(a) = -12*a + 4. Let l(g) = 5*j(g) + 4*v(g). What is l(h)?
-6
Let t(z) = -z**2 - 19*z - 81. Let n(v) = 418*v + 1659. Let b be n(-4). Determine t(b).
-3
Let p(q) be the third derivative of 13*q**4/24 + 89*q**3/6 - 10*q**2 + 17. What is p(-5)?
24
Suppose -9*l + 11 = -16. Suppose 42 = 4*v + 4*m - 94, -l*m - 138 = -5*v. Let k(f) = 29*f 